). What is h(b)?
-8
Suppose 0 = 2*t - g - 105, -3*g = 4*t - 0*g - 205. Suppose 2*x + 5*k - t = -0*x, -x + 23 = k. Let i = 19 - x. Let b(r) = -8*r + 2. Calculate b(i).
18
Let u(z) = 447*z + 267. Let j(i) = 177*i + 134. Let a(c) = 5*j(c) - 2*u(c). What is a(17)?
-17
Let x(v) = -v**3 - 15*v**2 + 28*v + 189. Let u be x(-16). Let b(c) = 5*c**2 - 4*c + 6. Let j(g) = -g**2 + g - 1. Let h(n) = -b(n) - 4*j(n). Calculate h(u).
-11
Suppose -74*b + 136*b - 135 = 77*b. Let w(m) be the third derivative of m**6/120 + 3*m**5/20 - m**4/24 + 2*m**3 - 5*m**2. Give w(b).
21
Let f = -99 + 141. Let s be 3/5 - f/(-30). Let u(c) = c + c**3 + 2*c - 251 + 248. Calculate u(s).
11
Let l(j) = -j**3 + j**2 + 7*j + 5. Suppose 5*b - 25 - 3 = 4*z, 0 = z + b - 2. Determine l(z).
3
Let r(k) = -k**2 - 8*k + 9. Let q(t) = -4*t**2 + 8*t - 13. Let w(c) = 3*c**2 - 8*c + 12. Let x(d) = 4*q(d) + 5*w(d). Let h(v) = -3*r(v) + 4*x(v). What is h(-8)?
5
Let a be 18/(-24) - ((-220)/(-48) - 6). Let q(m) be the second derivative of 0 - 5*m + 0*m**2 - a*m**3. Calculate q(2).
-8
Let a(i) = -1. Let t(l) = 2*l + 12. Let o(j) = -8*a(j) - t(j). Let f be (24/(-60))/((-3)/(-30)). What is o(f)?
4
Let f(u) = -7*u**2 + 9*u - 3. Suppose 0 = 208*k - 219 - 405. Calculate f(k).
-39
Let x = 7 + -1. Let z(o) = -o**3 - 33*o**2 - 34*o - 60. Let y be z(-32). Let i(l) = l + 1. Let k(f) = 3*f + 3. Let m(a) = y*i(a) - k(a). What is m(x)?
7
Let k(n) = 7*n**2 - 6*n - 6*n**2 + 529 + 0*n - 531 - n. Let u be ((-35)/(-7))/((-2)/(-2)). Determine k(u).
-12
Let t(w) = 37 + 293*w - 292*w - 88 + 40. Determine t(16).
5
Let s(h) be the second derivative of -h**3/6 - 3*h**2/2 - 329*h. Determine s(-4).
1
Let d(q) = -31*q - 45. Suppose -5*v + 3 = 4*l, 4*l - 5*v = -467 + 440. Calculate d(l).
48
Let y(p) = 3*p**2 - 5*p - p**2 - 1 - 7 - 2. Let s(o) = -o**2 - 5*o - 3. Let k(x) = 2*x + 2. Let z(d) = -2*k(d) - s(d). Let j(i) = y(i) - 3*z(i). Give j(-6).
5
Suppose -32*x + 5340 = -2*x. Let u = 178 - x. Let c(g) = g**2 - g - 34. What is c(u)?
-34
Let r(t) be the first derivative of t**3/3 + 13*t**2/2 + 33*t - 302. Give r(-5).
-7
Let z be (2 + (-4)/3)*((-7)/2 - -8). Let y(q) be the third derivative of 0 + 0*q + 1/8*q**4 - 1/60*q**5 - 7/6*q**z + 16*q**2. What is y(5)?
-17
Let i(l) = -l + 1. Let v(n) = -n**2 + 6*n - 5. Let o(c) = 3*i(c) - v(c). Let g = -452769 - -452775. Determine o(g).
-10
Suppose 4*d = -y + 58, -2*d - 7 = 2*y - 39. Suppose 2*s = 3*m + d, 2*s = 4*m + s + 22. Let n(i) = -34*i + 5*i + 19*i + i**2 + 7 + 11*i + 7*i. Calculate n(m).
-5
Let a(u) = 1 - 23*u + 0*u**2 + 0*u**2 + 24*u - 4*u**2. Let n = 46 - 187. Let j = 140 + n. Give a(j).
-4
Let z(c) be the second derivative of 29*c - 1/120*c**5 + 0*c**2 - 13/2*c**3 + 0 - 1/12*c**4. Let d(k) be the second derivative of z(k). What is d(2)?
-4
Let o(n) = 34*n + 13 + n**3 - 34*n. Suppose -201*j + 198*j + 3*t - 18 = 0, -3*j + 18 = 3*t. Determine o(j).
13
Let o(u) = -u**2 + 14*u + 3. Let s be o(13). Suppose 0 = -s*r + 21*r - 15. Let w(z) = 1 - 46*z**r + 2*z + 67*z**3 - 2 - 2*z**2. Give w(1).
20
Let j(r) = r. Suppose 2*z - 5*v + v = -2, 0 = 2*v. Let k be (z - 4/(-6))/(25/(-375)). Let t(d) = -d**3 + 6*d**2 - 2*d - 18. Let h be t(k). What is j(h)?
-3
Suppose -8*i + 4*i = -2*u + 24, 0 = -2*u + 3*i + 20. Let w(s) = -39 - 5*s + s + 41. Determine w(u).
-14
Let h(q) = -6*q + 1. Let j(i) = -148*i + 32. Let w(v) = -24*h(v) + j(v). Give w(6).
-16
Suppose 2*i = -4, -n - 15 = 5*i - 7. Let t(d) = -16*d + 8 + d**2 - d**n + 3*d - 2 + d**2. Give t(12).
-6
Let f(d) = 3*d - 2. Suppose 4*s = -51 - 17. Let q be (1 - -1) + 11 + 2. Let p = q + s. What is f(p)?
-8
Let u(s) = s**3 - s - 21. Let y be 0/12*1/(-2). Let d be 3 + (3/(-1))/1 + y. Suppose 2*w + d*w = -a - 3, w = -4*a - 12. Give u(w).
-21
Let a(y) = -3*y**2 + y - 4*y + 2*y - 2*y + 1 + y**3. Let g = 18 - 12. Suppose g*i - 36 = -6*i. Give a(i).
-8
Let f(u) = -3*u**3 - 17*u**2 + 7. Let y(s) = -23*s**3 - 118*s**2 + 2*s + 49. Let j(i) = 15*f(i) - 2*y(i). What is j(19)?
-69
Let n be 36/(-2)*(-2130)/7668. Let s(a) = a**2 + a - 3 - 4*a - 15 + 1. Determine s(n).
-7
Let a(z) = 80*z + 76*z + 72*z - 3*z**2 - 254*z + 1. Calculate a(-9).
-8
Let n(i) = i**2 + 32*i - 2547. Let s be n(-69). Let t(r) = -r**3 + 3*r**2 + 23*r - 33. What is t(s)?
-3
Let c = -62479/20 - -3124. Let f(t) be the second derivative of -c*t**5 + 0 + 1/12*t**4 - 1/6*t**3 - t**2 + 4*t. What is f(0)?
-2
Let s(v) = -1. Let d(w) = -5*w + 2*w + 4*w - 2*w + 5. Let u(i) = -d(i) - 4*s(i). Let l(p) = p**2 - 8*p + 6. Let t be l(6). Give u(t).
-7
Let b(w) = 2540201*w - 54 - 2540201*w + w**2. Calculate b(8).
10
Let o(l) = -l - 4. Let m be ((-15)/(-25))/(3/10). Let k(c) = 5*c**2 + c - 2. Let p be k(m). Let d be (-192)/p - 2/5. Determine o(d).
6
Let f(p) be the third derivative of p**5/60 - p**4/24 + 5*p**3/6 + 1987*p**2. Determine f(-7).
61
Let r = -2 + -2. Let l(w) = -99 - 99 - 2*w**2 + 34 + 159 - 10*w. Determine l(r).
3
Let f(i) = -4*i + 2. Let w(l) = l**3 + 10*l**2 + 3*l - 54. Let m be w(-9). Suppose 14*v - 27*v + 65 = m. Give f(v).
-18
Suppose -o + 8*h - 3*h = -20, 22 = 3*o + 4*h. Let b(n) = -1 - 20*n + 8*n + 13*n + 1. What is b(o)?
10
Suppose -3*w + 47 = -c, 2*w + 4*c = -2*w + 52. Suppose 0 = -p + 3*a + w, 0 = -6*p + 3*p + 5*a + 33. Let y(n) = -n**3 + 8*n**2 - 7*n - 6. Calculate y(p).
24
Suppose 7*s - 20 = 5*s. Let q(m) = 4 - 3*m - m**3 + 128*m**2 + 122*m**2 + 2*m - 240*m**2. Give q(s).
-6
Let r be ((-5)/(-15))/((-2)/(-48)). Suppose r = 2*i + 12. Let p(s) be the second derivative of s**5/20 + s**4/6 + s**3/2 + s**2/2 + 21*s - 2. Calculate p(i).
-5
Suppose 3*a + 12 = -6. Let z(q) = -4*q + 4*q**2 + 8*q**2 - 7*q**2. Let f(d) = d**2. Let h(c) = a*f(c) + z(c). What is h(-3)?
3
Let t(c) = -24*c + 48. Let p(g) = -2*g**3 - g**2 + 99*g + 58. Let q be p(-7). Determine t(q).
0
Suppose 0 = 3*s + s - 12. Let h(c) = -8 - 80*c**3 + 70*c**3 + 6*c**2 + 2. Let z(v) = -3*v**3 + 2*v**2 - 2. Let r(a) = 2*h(a) - 7*z(a). Give r(s).
11
Let f be 4 + 1 + -2 - (-2 - 2 - 0). Let d(h) = h**3 - 8*h**2 + 10*h - 15. What is d(f)?
6
Let l(g) = -8*g + 45. Let h(b) = -b**3 + 24*b**2 - 12*b - 26. Let w be h(23). Let v = 233 - w. Calculate l(v).
-3
Let c(s) = -22*s**3 - 21*s**3 - 16*s**3 - 21*s + 56*s**3 - 260*s**2 + 245*s**2. Give c(-2).
6
Let i = 84 + -84. Suppose i = -4*d + 4, 4*f + 3 = 2*f + d. Let h(c) = 7*c + 6*c**3 + c**2 - 30*c + 1 + 24*c + 5*c**3. What is h(f)?
-10
Let c = 530674 + -530686. Let u(g) be the third derivative of -g**4/8 - 41*g**3/6 + g**2. Give u(c).
-5
Let l(f) be the second derivative of 111 + 3*f**2 + 1/3*f**3 - 2*f. Calculate l(6).
18
Suppose 3*w + y = -34 + 33, -2*y - 6 = 2*w. Let q(h) be the third derivative of -h**6/120 + h**5/20 - h**3/6 + 4*h**2. Determine q(w).
1
Let w(p) be the third derivative of -p**5/60 - 5*p**4/12 - 4*p**3/3 - p**2. Let b = -62987 - -62977. Give w(b).
-8
Suppose 0 = -2*n + 5*m + 9, 9 = 4*n + 68*m - 69*m. Let g(u) be the third derivative of 1/6*u**3 - 5/8*u**4 + 4*u**n + 0*u + 1. Determine g(2).
-29
Suppose -3*l + 20 = b + l, 14 = b + 2*l. Suppose 2*a - b = -6*a. Let o(q) = -5*q**2 - 9*q + 7. Let i(k) = k**2 + k - 1. Let z(v) = -6*i(v) - o(v). What is z(a)?
1
Let a(y) be the first derivative of 4 + 53 - 13 + y**2 + 0*y**2 - 5*y. Give a(5).
5
Suppose 0 = -2*q + 3 + 7. Let l(r) = -29*r - 4. Let f(y) = -53*y - 6. Let o(t) = -5*f(t) + 9*l(t). Calculate o(q).
14
Let q be (-45)/(-3)*3/9. Suppose -g = -4*s + 16, q*g - 40 = -s - 3*s. Let k(f) = -f**3 + 3*f**2 + 2*f - 6. Give k(g).
-14
Let t(b) = -3*b - 2*b - 12*b - 7*b**2 + 5*b**2 - 10*b - 7. What is t(-13)?
6
Let w(m) = 59*m**2 - 21*m + 28. Let f(o) = -44*o**2 + 18*o - 28. Let l(s) = -4*f(s) - 3*w(s). What is l(-11)?
6
Let a(l) = 7*l + 39. Suppose 1925 = -1294*m + 1119*m. Calculate a(m).
-38
Let b(r) = 203370928*r - 584 + 1893 - 203370667*r. Give b(-5).
4
Let q be 4 - 0 - (72 + -54). Let k be (-720)/210 - (-8)/q. Let l(o) = o**3 + 5*o**2 + 5*o + 2. Determine l(k).
-2
Suppose 14 - 20 = 6*n. Let w(c) = 9*c**3 + c**2 - 1. Calculate w(n).
-9
Let f(i) = -16 + 11 + 9 - 2 - 2*i. Let w be (-10)/3 - (-6)/(-9). Calculate f(w).
10
Let l(a) = a**2 - 2*a - 5. Let f be (-1)/(-3) - (-35)/(-15). Let h be -3 + 7 - 4/f. Give l(h).
19
Suppose -15*y + 150*y + 1240 = -20*y. Let g(u) = -3*u**2 - 21*u + 25. Give g(y).
1
Suppose 43 = -5*u - 3*k, 0 = u + 3*k + 8 + 3.